 + t**2/2 - 5*t + 80. Determine l(3).
7
Let j(a) = 6*a + 3. Let n(m) = -2*m**2 + 12*m + 9. Let q be n(9). Let b be 20/(-18) - 5/q. Let o be j(b). Let t(r) = -r**3 - 3*r**2 + 3*r + 3. Give t(o).
-6
Let m(s) = -4*s - 24*s + 22*s + 5*s + 1 - 6*s**2. Calculate m(-1).
-4
Let l(d) = d - 1. Let g(k) = 2 + 31*k - 67*k + 34*k. Let x(z) = 2*g(z) + 5*l(z). Determine x(4).
3
Let b(i) be the third derivative of -i**5/120 + 5*i**4/12 - 2*i**3/3 + 25*i**2 + 2*i. Let k(c) be the first derivative of b(c). Determine k(7).
3
Let t be -85*((-30)/90)/(5/3). Let p(d) = -t - 3 + 18 + 8*d. Give p(-2).
-18
Let w(z) = -62 + 0*z**3 - 3*z + 60 + z**3. Let b be ((-1)/1)/(4 + (-42)/12). Calculate w(b).
-4
Let b(s) = 9*s + 3*s**3 - 5396 + 10728 - 5358 - 23*s**2. Let c(i) = i + 8*i**2 - i - 3*i - i**3 + 9. Let h(z) = 4*b(z) + 11*c(z). Determine h(4).
7
Suppose 8*b - 60 = 716. Let g(u) = 94*u - 189*u + b*u. Let j be (-3 + 2/1)*1. What is g(j)?
-2
Let v(i) = -9*i**2 - 8*i + 7. Let j(o) = -174*o + 1393. Let t be j(8). Give v(t).
-10
Suppose -26*k + 71 = -189. Let z(h) = -h**2 + 8*h + 11. Let i(x) = -x**2 + 7*x + 14. Let o(g) = -2*i(g) + 3*z(g). Give o(k).
5
Let s(y) = 9855*y - 19714*y - 131 - y**2 + 132 + 9860*y. Let l(k) = -k**2 + 6*k + 3. Let h be l(6). Determine s(h).
-5
Suppose 7*i = -15*i - 110. Let b be (-6 - i)/((-5)/(-35)). Let f(x) = 4*x - 8. Determine f(b).
-36
Let h(x) = 10*x**2 - 145*x + 39. Let i(d) = 3*d**2 - 44*d + 13. Let c(f) = 2*h(f) - 7*i(f). Give c(15).
32
Let l(i) = i**2 - 83 - 85 - 3*i + 246 + 12*i**3 - 81 + 49*i**3. What is l(-1)?
-60
Suppose 70*s = 73*s - 9. Let q(t) = -2*t + 1264 + s*t - 1257. What is q(9)?
16
Let x(g) = 5*g + 3. Suppose 18 = 2*t + 4*r, 2*r + 5 = 9. Let d(k) = -14*k + 64. Let a be d(t). What is x(a)?
-27
Let x(j) = j**2 + 17*j - 27 + 26*j + 27*j - 82*j. Let t be x(14). Let h(q) = 19*q. Determine h(t).
19
Let g(m) = 265*m**2 + 17*m - 88 + 3*m - 125*m**2 - 141*m**2. Determine g(14).
-4
Let n(w) be the first derivative of -w**6/120 - w**5/15 - w**4/6 - w**3/3 + 10*w**2 - w + 17. Let t(k) be the second derivative of n(k). What is t(-2)?
-2
Let d(p) = p**3 + p + 2. Let j = -1058 - -1057. What is d(j)?
0
Let v = -3533 - -3542. Let w(y) = -y**3 + 8*y**2 + 14*y - 9. Determine w(v).
36
Suppose 0 = -13*r - 16 + 42. Let o(s) = -7 + s**3 + 9*s**2 - 80*s - 2*s**r + 80*s. Determine o(-7).
-7
Let o(i) = -9*i**3 - 2*i - 1. Let z be (-4*26/(-10))/(2/(-10)). Let y = z - -70. Suppose 16 = 2*x + y. Calculate o(x).
10
Suppose -2 - 16 = 9*i. Let g be (3 - (-5)/i)/((-1)/4). Let y(n) = -3*n**3 - 3*n**2 - n - 3. Let w(a) = -a**3. Let u(s) = g*w(s) + y(s). Determine u(-4).
17
Let a(b) = 6*b**2 - 2*b + 1. Let y be a(1). Let h(t) be the third derivative of 3*t**4/8 + t**3/6 - t**2 - 8876. What is h(y)?
46
Let l(o) = 2*o**2 + 30*o + 71. Let t be l(-12). Let r(z) = -10*z**2 + 3*z + 3. Calculate r(t).
-10
Let y(o) = -o**3 - 8*o**2 - 7*o - 10. Let c(b) = b**2 + 6*b. Let f be c(-1). What is y(f)?
-50
Let k = 110190 + -110191. Let p(n) = -17*n**3 - 6*n**3 + 3*n - 2*n + 1. What is p(k)?
23
Suppose o + 0*o + 0*o = 0. Let j(b) = 8*b + 9. Let d(y) = 3*y + 3. Suppose 6*z - 42 - 24 = 0. Let k(h) = z*d(h) - 4*j(h). Determine k(o).
-3
Let n(x) = 44*x - 94*x - 330 + 46*x - 6*x**2 + 327. Give n(-4).
-83
Let g = -73 + 117. Let j = 51 - g. Let a(z) = 2*z - 35. Let c(u) = u - 16. Let w(p) = 2*a(p) - 5*c(p). Determine w(j).
3
Let r(x) = 178*x - 142*x - 29*x - 54. Give r(7).
-5
Suppose 127*n - 2*i + 4 = 139*n, 42 = 3*i. Let y(r) be the first derivative of -1/3*r**3 - 2 - 3*r - 3/2*r**2. Calculate y(n).
-1
Let v(d) = d**3 - 14*d**2 + d - 19. Let m be v(14). Suppose 0 = -4*l + 2*y + 7 + 5, l = 2*y - 3. Let s(p) = 13*p**2 - 20*p**2 + 8*p**2 - l + 2*p. Give s(m).
10
Let v(z) = -15*z - 4. Let k be v(-1). Let a(g) be the first derivative of -g**2 + 25*g - 100. Determine a(k).
3
Let p(l) = -317*l**2 + 20*l + 21. Let d be p(-1). Let t = 314 + d. Let y(c) = 6*c**2 - 2*c - 2. What is y(t)?
26
Let p(y) = y**3 + 2*y**2 - y - 1. Let s(q) = -35*q - 2488. Let u be s(-71). Calculate p(u).
-7
Let l(v) = v**2 + 14*v - 8. Let d be (-3922)/333 + 10/(-45). What is l(d)?
-32
Let s(b) be the second derivative of b**5/20 + b**4 + 2*b**3 + 6*b**2 - 78*b. Let o be s(-11). Let q(z) = 10*z**2 + 1. Calculate q(o).
11
Let s(z) = -9*z**3 - 4*z**2 - 14*z + 8. Suppose y - 140 + 127 = 0. Let q(i) = 19*i**3 + 8*i**2 + 30*i - 17. Let v(n) = y*s(n) + 6*q(n). Determine v(-2).
14
Let z(b) = -187*b + 99*b + 3 + 89*b. Let p be 3/4 + 26/8. Suppose -9*s + p*s = -20. Determine z(s).
7
Let b(p) = 3*p**2 - 2*p + 3. Suppose 3*w + 0*w = -2*c + 12, -w + 4 = -c. Suppose 0 = 2*q + w*r - 2*r - 10, -r - 5 = -4*q. Determine b(q).
11
Let b be ((-15)/12)/((-35)/56). Let t(x) = -3*x**b - 30 + x - x**3 + 35 + 5*x. Determine t(-4).
-3
Let i(q) = 6*q - 8*q + 3 + 3*q. Let j be -70 - -72 - ((-5)/(-3))/(2/(-6)). Give i(j).
10
Let v(z) = -z**2 + 4*z + 25. Let u be (5/10 + -2)*2. Let c be v(u). Let g(h) = -h**3 + 3*h**2 + 4. Give g(c).
-12
Let s be (0 - 3/5) + (-74)/185. Let v be (-3 - 1 - 95)/s. Let w(b) = -187*b + v*b + 93*b - b**2 + 3. Calculate w(5).
3
Let z(a) = -a**2 - 27*a - 144. Let o(j) = j**3 - 27*j**2 + 27*j - 45. Let b be o(26). Give z(b).
8
Let z(x) = -x**3 + 8*x**2 + 8*x + 13. Let t = -1052 + 759. Let v = t + 302. Calculate z(v).
4
Let k(r) = 5 + 1 + 4 + r - 2. Let p be 0*7/(21/1). Calculate k(p).
8
Let b be (0 + -1 + (-27)/(-18))/((-1)/(-14)). Let s(v) = -v**3 + 5*v**2 + 15*v + 15. Give s(b).
22
Let h(w) = w**2 - 2*w. Let u(t) = 5 - 18*t + 2*t**2 + 0*t**2 - 5 + 7. Let z(s) = 3*h(s) - u(s). Calculate z(-11).
-18
Suppose 3*m = -2*a - 2*a - 7, 5*a = -5. Let n(f) = -4*f**2 + 8*f - 3. Let b = 98 + -96. Let h(y) = 8*y**2 - 20*y + 7. Let v(j) = b*h(j) + 5*n(j). Give v(m).
-5
Let d(n) = n**2 - 6*n. Suppose -2*c + 11 = 1. Let u be d(c). Let r(j) be the second derivative of j**3/6 - 5*j**2/2 - j - 715. What is r(u)?
-10
Let r(n) be the second derivative of n**4/4 + n**3/6 + n**2/2 + 23*n - 15. What is r(-1)?
3
Let l(o) = 5*o**3 - 10*o + 3. Let s(b) = -14*b**3 + 29*b - 9. Let y(d) = -17*l(d) - 6*s(d). Let z = 143 + -123. Suppose 0 = -10*r + z. What is y(r)?
-13
Let c(y) = -y**2 - 19*y + 3678. Let j be c(-71). Let v(r) = r**2 - 14*r - 393. Determine v(j).
-1
Let q(b) = -9*b + 68. Let n be q(8). Let g(i) = -2*i + 1. Let k(d) = d + 1. Let x(s) = n*k(s) - 4*g(s). What is x(-6)?
-32
Let s(t) = 14*t - 163. Let k be s(11). Let v(q) = q**3 + 7*q**2 - 11*q + 61. Give v(k).
-2
Let s(n) = -46*n**2 - 20*n - 15. Let c(g) = 29*g**2 + 13*g + 9. Let w(q) = -8*c(q) - 5*s(q). Determine w(1).
-3
Suppose 16 = 3*f + f. Let l(u) be the third derivative of u**3 + 54*u**2 + 0*u - 1/24*u**4 + 0. Calculate l(f).
2
Let m(t) = t**2 + t + 1. Let q(s) = 3*s**2 + 8*s + 2. Let o(l) = 4*m(l) - q(l). Let n be 252/(-588) - (2 + (-2502)/7). Suppose 337 = -6*z + n. What is o(z)?
-1
Let g(k) = -8*k**3 - 30*k**2 + k + 81. Let r(q) = -q**3 - 4*q**2 + 11. Let c(a) = 2*g(a) - 15*r(a). Give c(2).
-7
Let t = 10 - 3. Suppose -27 = -z + 5*j, -j = -3*z + 13 - 2. Let i(r) = 16*r + z + 11*r - 28*r. What is i(t)?
-5
Let b(d) be the second derivative of d**4/3 - 11*d**3/3 - 5*d**2/2 + 30*d. Let s be b(6). Let p(y) = 2*y + s*y - 16*y + 8*y + 5. Determine p(-6).
-1
Suppose 0 = 2*n + 2*v + 18, 217*n - 214*n - 9 = 3*v. Let a(t) = 2*t**2 + t - 12. Determine a(n).
3
Let i(m) be the first derivative of -m**4/4 - m**3 - 3*m**2/2 - 2*m + 52. Let b be (102/(-18) - -6)*-9. Give i(b).
7
Let i be 17/((-1496)/(-6)) - 1/(-11)*2. Let h(v) be the first derivative of 41 + 1/3*v**3 - 5*v - i*v**4 + 7/2*v**2. Calculate h(4).
-25
Let x(s) = -6*s - 6. Let a be (-13 + 1 + 6)/(2 - (-1 + 4)). What is x(a)?
-42
Let s(t) = 2*t**2 - t. Let i(d) = -2*d + 8*d**2 + d**3 + 3*d**2 + 0 + 16*d**2 - 2 - 12*d**2. Let f(q) = -i(q) + 4*s(q). Let o be ((-7)/2)/(1/2). Calculate f(o).
16
Let t(o) = 19*o + 21. Let v(m) = -m**2 - 57*m - 60. Let k(j) = 17*t(j) + 6*v(j). Let b(r) = -r**2 - 4*r - 1. Let a(s) = 11*b(s) - 2*k(s). Calculate a(7).
2
Let t = 53 + -87. Let p be t/323 + (-186)/38. Let q(g) = -4*g**2 - 6*g - 1 - g + 3*g**2. Give q(p).
9
Let n(c) = 5*c**2 - 5*c**3 + 2 - 17*c**2 + 10*c - 24*c + c. Let q(r) = -4*r**3 - 11*r**2 - 12*r. Let s(m) = 5*n(m) - 6*q(m). Give s(7).
10
Suppose 48 = -13*r + 17*r. Let p = -9 + r. Let y(v) = 